k = 2*z + 8. Calculate the greatest common divisor of 4 and k.
4
Let t be 0 + 0 + (2 - 5). Let x be 2/6 - 5/t. Let v = 24 - x. Calculate the highest common factor of 2 and v.
2
Suppose 0 = 4*s, -5*k + 2*s + 80 = -10. Let p = 5 - 3. Calculate the greatest common divisor of k and p.
2
Let v be -1 - 22/(-2 - 0). Let d(r) = 15*r - 1. Let a be d(1). Let x = 24 - a. What is the greatest common divisor of v and x?
10
Let v = 123 + -70. Suppose 3*b - v = 73. What is the greatest common factor of 21 and b?
21
Let f be ((-7)/14)/(1/(-72)). Let w(q) = 2*q. Let s be w(8). Let u = 25 - s. Calculate the highest common divisor of f and u.
9
Let z(m) = 7*m - 8. Let l be z(6). Suppose -l - 2 = -4*r. What is the highest common divisor of 63 and r?
9
Suppose 48 = -0*i + 2*i. Suppose i = o + o. What is the greatest common divisor of 8 and o?
4
Let s = -7 - -7. Suppose 9 = 3*z - s. What is the highest common factor of z and 2?
1
Let w be (-3)/5 - 123/(-5). Calculate the greatest common factor of 60 and w.
12
Suppose -6*c + 11 = -4*c + 5*r, -3*r = 4*c - 15. Suppose 2*u = 13 + c. Let t(g) = -6*g - 4. Let m be t(-4). Calculate the highest common factor of m and u.
4
Let v(r) = 4*r + 3. Let s be v(-2). Let l be (-3)/s - (-6)/(-10). Suppose -165 = -y - l*y. Calculate the greatest common divisor of 15 and y.
15
Let l be (3/12)/(4/304). Let c(k) = -39*k - 2. Let a be 1/3 - (-14)/(-6). Let g be c(a). What is the greatest common divisor of l and g?
19
Let r = -42 - -62. Suppose 4*l + 2*i - 10 = 0, 5*l - 5*i = 4 + 1. Suppose 0 = 3*s - 2*s + 5*v, -l*s = 5*v - 5. What is the highest common factor of s and r?
5
Let v be 2 + (-8)/(32/(-300)). What is the highest common divisor of v and 7?
7
Let j(x) = -x**3 - 14*x**2 - 3*x - 34. Let m be j(-14). Calculate the greatest common divisor of 12 and m.
4
Let h(n) = 10*n - 5. Let i be h(5). Calculate the greatest common factor of i and 18.
9
Let p = 13 - 4. Let s = -1 + p. What is the highest common divisor of s and 8?
8
Let b(a) = -a + 1. Let l be b(1). Suppose l*o + 3*o = 3*s + 168, 170 = 3*o - 5*s. What is the greatest common factor of o and 22?
11
Let k = 26 + -22. What is the highest common divisor of k and 4?
4
Let h be 64/(-6)*(-6)/2. Let b = 25 - 17. What is the greatest common divisor of h and b?
8
Suppose 0*a + 4*a - 364 = 0. Suppose v + 6*y - y = 13, 0 = 2*v - 3*y - 26. Calculate the greatest common divisor of v and a.
13
Suppose 4*t - 3*w = t + 438, 4*t - w - 596 = 0. Suppose n - 3 = 0, -5*n + 445 = 5*m + t. Calculate the highest common factor of m and 14.
14
Let o = 22 + -19. What is the highest common divisor of o and 4?
1
Suppose 11 + 59 = 5*i. Suppose -w + 5*p + 42 = 0, -3*w - 3*p + 22 = -104. Calculate the highest common divisor of i and w.
14
Suppose 0 = -2*x + 1026 - 8. Let q = -285 + x. Suppose -q = 2*d - 6*d. What is the greatest common divisor of d and 7?
7
Suppose 0 = -n - 3. Let b(x) = -x**3 - 3*x**2 - x - 2. Let o be b(n). Calculate the greatest common factor of o and 1.
1
Let c(n) be the first derivative of -n**2 + 2*n - 4. Let w be c(-4). Calculate the greatest common factor of 10 and w.
10
Let k be (-493)/(-7) + (-12)/28. Let j be (-1 - -14)/(-4 + 3). Let v = j + 23. What is the highest common factor of k and v?
10
Suppose -4*i + 122 = -0*p + 5*p, 2*i = 3*p + 50. Suppose -b + 7 - 3 = 0. What is the highest common divisor of i and b?
4
Suppose 0 = -4*y - 4*u + 40, 3*y - 3*u = -u + 40. What is the greatest common factor of 12 and y?
12
Let r be -8*-7*1/2. What is the greatest common divisor of r and 4?
4
Suppose -s = 5*w - 28 - 31, 2*w - 10 = 0. Suppose -15 = -j + s. What is the greatest common divisor of 7 and j?
7
Let l(a) = a**3 + 18*a**2 - 25*a - 15. Let p be l(-19). Calculate the greatest common factor of p and 11.
11
Suppose -3*v - 156 = -0*v. Let z = -24 - v. Let a be (20/(-7))/((-8)/z). What is the greatest common divisor of a and 80?
10
Suppose 2*j = -i + 12, 0 = -5*i - 3*j - 2*j + 75. Calculate the highest common factor of i and 2.
2
Suppose 25 = 2*a + 3*a. Suppose -3*f + 8*w = 3*w - 70, 25 = -a*w. What is the greatest common divisor of f and 3?
3
Let a(z) = 2*z**2 - 4*z - 6. Suppose -5*s = 3*f - 3*s - 20, 1 = s. Let q be a(f). What is the highest common factor of 14 and q?
14
Suppose 2*x = 5*n - 0*n - 65, -3*n + 95 = -4*x. Let k = x - -28. Let i = -3 + k. What is the highest common divisor of 5 and i?
5
Let q(w) be the third derivative of w**5/30 - w**4/3 - 2*w**3/3 + 5*w**2. Let a be q(7). Calculate the greatest common factor of a and 266.
38
Let r(x) = 4*x**2 - 2. Let o be r(2). Calculate the greatest common divisor of o and 2.
2
Let n be -2 - 15 - 0/2. Let j = n + 42. Let l = j + -1. What is the highest common divisor of l and 60?
12
Let d = 16 + 32. Let o be 9/6*(2 + 2). Calculate the greatest common divisor of o and d.
6
Let u be (-50)/(-2)*40/8. What is the greatest common factor of u and 5?
5
Let t = 2 - 8. Let y(m) = 11*m**2 + 10*m + 9. Let r be y(t). Suppose 2*h + 460 = 4*n - 2*h, -r = -3*n + h. What is the highest common divisor of 23 and n?
23
Suppose 5*m = -5 + 20, -3*m = 3*g - 15. Calculate the greatest common factor of 22 and g.
2
Let v(b) = -3 - 2 - 3 - 2*b + 3. Let u be v(-6). Suppose n = 22 + 6. What is the highest common divisor of u and n?
7
Let p(d) = -3*d**2 + 40*d - 20. Let z(i) = 2*i**2 - 27*i + 13. Let v(o) = 5*p(o) + 7*z(o). Let c be v(8). Calculate the greatest common divisor of 45 and c.
15
Let l = 54 - 33. Calculate the greatest common divisor of 28 and l.
7
Let k be (-426)/(-42) + 3/(-21). What is the greatest common factor of k and 5?
5
Let m(r) = 6*r. Suppose 0 = 5*v - 13 - 22. Suppose -4*g + v - 3 = 0. Let x be m(g). Calculate the greatest common divisor of x and 42.
6
Suppose -8*b + 84 = -5*b. Suppose 2*w + 10 = b. What is the greatest common divisor of w and 99?
9
Let a(z) = -3 + z + 3. Let p(i) = 28*i + 2. Let t(q) = 6*a(q) + p(q). Let u be t(2). Calculate the highest common factor of 14 and u.
14
Let i(a) = a**3 - a**2 + 11. Let u be i(0). Let w be ((-99)/12)/(11/(-44)). Calculate the greatest common factor of u and w.
11
Suppose -11*g + 8*g = -3. Suppose 2*f + 40 = -2*f. Let p be g*f*18/(-15). What is the greatest common factor of p and 84?
12
Suppose -2*m + 3*n + 1779 = m, -2*m = 3*n - 1161. Suppose 0 = 4*l - 168 - m. What is the highest common divisor of 21 and l?
21
Suppose -4*a + 41 + 12 = -z, 5*a + 2*z = 63. Suppose i = 7*v - 2*v + 70, v = -5*i + 324. Calculate the highest common factor of a and i.
13
Let z(f) = 2*f**3 - 8*f**2 + 5. Let j be z(5). What is the greatest common factor of 11 and j?
11
Suppose 2*r - 5*w - 42 = 0, r - 6*r = -w - 82. What is the highest common factor of r and 16?
16
Let h be (-3)/6*4 + 18. Calculate the highest common factor of 32 and h.
16
Let x = -4 - -4. Let m = 2 - x. Suppose -7 = m*u - 31. Calculate the greatest common factor of u and 108.
12
Let u(b) = b**2 + 25*b. Let g be u(7). What is the highest common divisor of 28 and g?
28
Let k(n) = -3*n**2 - n - 1. Let a be k(-3). Suppose -2*q - 7 = -79. Let m = q + a. What is the highest common divisor of 11 and m?
11
Let j be 1*-10 - -1 - -1. Let h = j - -40. What is the greatest common factor of 16 and h?
16
Let y be ((-918)/170)/(2/(-10)). Let t be 1 - (-2 + 2 - 80). What is the greatest common divisor of y and t?
27
Let x = 3 + 2. Suppose f - 5*m - 17 = 0, -4*m = x*f - 3*f - 20. Let h be (4/(-6))/((-1)/6). Calculate the highest common divisor of f and h.
4
Let p(w) = 2*w + 1. Let q be p(1). Suppose -q*l - 24 = -5*l. Let j be (9/(-2))/((-1)/8). What is the highest common divisor of l and j?
12
Let x be 24/20*(-150)/(-9). Let j(a) = a**3 - a**2 + 3*a - 2. Let q be j(2). What is the greatest common divisor of q and x?
4
Suppose 2*z - 16 = -2. Suppose 6*l - z*l = -7. What is the highest common divisor of 56 and l?
7
Let i = -8 - -18. What is the highest common factor of 80 and i?
10
Let f(q) = -24*q - 12. Let j be f(7). Let d be -20*(j/16)/3. What is the greatest common divisor of d and 50?
25
Let t(q) = -q**3 - 9*q**2 - 10*q - 10. Let p be t(-8). Let u be (p/8)/((-1)/(-140)). What is the greatest common factor of u and 21?
21
Let o(s) = 6 + 5*s**2 - 6*s - 6. Let u be o(4). Let g = 6 - -8. What is the greatest common divisor of g and u?
14
Let k(q) = -84*q**3 - q**2 - q + 1. Le